se 4 = 2*l - 2*i, 2*l = -2*l + i + 17. Let d = -3 + l. What is the units digit of (21/6 - d)*6?
9
Suppose -c + 3*c + 4*b = 374, -3*b = c - 186. What is the tens digit of c?
8
Let q(b) = b**3 + 4*b**2 - b. Let a(r) = -r - 11. Let g be a(-6). Let h be q(g). Let j = h + 33. What is the units digit of j?
3
Suppose -d - 5 = -3*m, -5 = -2*m - 4*d + 3. Suppose m*f = q + 4*q - 180, -2*q + 4*f = -56. What is the tens digit of q?
3
Suppose 2*g = -g. Suppose g = 6*t - 5*t + 11. Let n = -7 - t. What is the units digit of n?
4
Suppose -a + 3*s = 3*a + 12, s = a + 4. Suppose a = 5*b - 25, 5 = 5*g + 5*b - 20. Suppose -4*c + 9 + 7 = g. What is the units digit of c?
4
Let t = -12 + 17. Suppose 27 = 4*h - t*b - 20, 0 = 4*h + 4*b - 56. What is the units digit of h?
3
Suppose f + s = -122, 2*s = -5*f + 5*s - 594. Let r = -78 - f. Suppose -r = -4*n + n. What is the units digit of n?
4
Let v(z) = 2*z**2 + z - 3. What is the units digit of v(-2)?
3
Let d(c) = 2*c**2 + 3*c. Let x be d(-2). Suppose 0 = -x*w - 3 + 9. Suppose -6 = w*i - 4*i. What is the units digit of i?
6
Suppose -3*n + 4*x - 12 = 0, 3*x = 2*n - x + 8. Let b(c) = -c**2 + c + 4. Let i be b(n). Let w = -8 - i. What is the units digit of w?
8
Let i(m) = m - 3. Let h be i(6). Suppose -p + 2*a = h*p - 20, a - 10 = -3*p. Suppose 38 = 3*j - 4*z, -p*j + z - 4*z + 34 = 0. What is the tens digit of j?
1
Suppose l + 81 = 2*l. What is the units digit of l?
1
Let f(k) = k**3 - 6*k**2 + k - 3. Let j be f(6). Let z be 2/(-6)*(j - 6). Let r = 2 + z. What is the units digit of r?
3
Suppose -4*s + 0*s = -24. Suppose s = -r + 17. What is the tens digit of r?
1
Suppose -6*a = -328 - 254. What is the tens digit of a?
9
Suppose 3*y - 1 = 5. What is the tens digit of -3 - y/(-2)*26?
2
What is the units digit of 8/(-44) - 158/(-22)?
7
Let i be ((-15)/6)/(3/(-6)). Suppose -i*v = -2*t - t + 147, 53 = t - 3*v. What is the tens digit of t?
4
What is the tens digit of -3*1*(4175/(-15))/5?
6
Let p = 37 - -12. What is the units digit of p?
9
Suppose -5*n + 8 = -n. Suppose -n*s - 12 = -4*s. What is the units digit of s?
6
Let g = 437 + -280. What is the hundreds digit of g?
1
What is the hundreds digit of ((-5 - 218) + 3)/(-1)?
2
Let a be (2 - 1 - 0) + 7. Suppose 2*u = 4*b - 104, -u = -3*u - a. What is the tens digit of b?
2
Let r(u) = -7*u - 3. Suppose -4*i - 4*d = 32, 0 = -4*i - 0*i + 2*d - 2. What is the tens digit of r(i)?
1
Let n = 6 - 16. Let a = n - -21. What is the units digit of a?
1
Let s be ((-17)/68)/(2/(-248)). Suppose 0 = 4*w + 3*v - 176, -w - 2*v + s = 2*v. What is the units digit of w?
7
What is the units digit of 1985/25 + 3*(-6)/45?
9
Let z = -44 - -111. What is the units digit of z?
7
Suppose 0 = a - 3*v + 2, 0 = 4*a - 2*v - 3*v - 27. What is the units digit of a?
3
What is the hundreds digit of 1 - (6 + -4) - (-161 - 1)?
1
Let k = 2 + -3. Let d(r) be the second derivative of -2*r**3/3 - 2*r. What is the units digit of d(k)?
4
Let r(t) be the first derivative of -t**4/4 + 7*t**3/3 - 3*t**2 + 3*t - 4. What is the tens digit of r(5)?
2
Suppose -5*n = 3*t - 50, t = -3*n - 3*t + 19. Suppose -4*z = -l - 0 - n, 0 = l - 3*z + 9. Suppose -l*r = -7 - 14. What is the units digit of r?
7
Suppose -5*a - 2*t - 120 = 3*t, 5*a + 2*t + 111 = 0. Let r = a - -31. What is the tens digit of r?
1
Let u = -9 - -5. Let n = 0 - u. Suppose 45 = -n*m + 9*m. What is the units digit of m?
9
Suppose 14 + 8 = 2*p. What is the units digit of p?
1
Let q = 1 - -2. What is the units digit of (q - 4)*(-14)/2?
7
Suppose 3*v + 4*g + 19 = 0, 19 = v - 3*g - 2*g. Let k be (0 - v)/((-3)/(-12)). Suppose -k*r + 12 = -20. What is the units digit of r?
8
Suppose -2*l = -5*g + 12, g - l - 5 = -g. Let j(b) = 2*b**3 - b**2 + 3*b - 3. What is the units digit of j(g)?
5
Suppose -2*o - o + 35 = 2*f, -3*f - 32 = -2*o. What is the tens digit of o?
1
Suppose w - 1685 = -5*y, -y = -w + 5*w - 337. What is the tens digit of y?
3
Suppose -7*l = -1 - 132. What is the units digit of l?
9
Let d = -2 - -7. Suppose 2*m - 6*m + 32 = 4*z, z + 2*m = d. What is the units digit of z?
1
What is the units digit of 33*(-1)/2*28/(-42)?
1
Let w(z) be the first derivative of z**4/2 - z**3 + z**2/2 + 2. Let i(l) = l**3 + 7*l**2 + 7*l + 8. Let c be i(-6). What is the units digit of w(c)?
6
Let c(h) = 2*h - 2*h + 5*h - 4*h. Let d be c(2). Suppose -u - d*u = -3. What is the units digit of u?
1
Let j = -16 - -14. What is the units digit of (0 + 2)*(-5)/j?
5
Let z(q) be the second derivative of q**5/20 + q**4/3 + q**3/6 - q**2/2 + 4*q. Suppose n = -2*l - 10, -5*n = -l + 4*l + 22. What is the units digit of z(n)?
5
Suppose 0 = 2*i - i. Let t = i - -7. What is the units digit of t?
7
Let f(u) be the first derivative of u**3/3 - u**2/2 + 3*u + 1. What is the tens digit of f(-3)?
1
Let r be (2/5)/((-6)/(-60)). Let v = 1 + r. Suppose -42 = -2*a - 0*a - 2*p, -3*a + 23 = -v*p. What is the units digit of a?
6
Let t(a) = -3*a + 2. Let n be t(-7). Let b = n + -13. What is the units digit of b?
0
Suppose 2*r - 28 = -2*m - 2*r, 0 = -5*m - 3*r + 91. What is the tens digit of m?
2
Let q(w) = w**3 - 6*w**2 + 3*w - 7. Let x be (-1 + -17)*(-1)/3. What is the tens digit of q(x)?
1
Let u = -4 - 3. Let z = 9 + u. Let q = 4 - z. What is the units digit of q?
2
Let z = 17 - 41. Let l = 44 + z. What is the units digit of l?
0
Let i(w) = -w**3 - 4*w**2 + 5*w - 3. What is the tens digit of i(-6)?
3
Let o(v) = 3*v**3 + 9*v**2 + 3*v + 4 - 4*v**3 - 6*v**2. What is the tens digit of o(3)?
1
Suppose o + 5 = g, 0*g - g = -5*o - 17. Let x = g - -4. What is the units digit of x?
6
Suppose 0 = p - 14 - 6. Let c = 39 - p. What is the tens digit of c?
1
Let w be -5 - -5 - (1 - 6). Suppose -2*s + s = -w. What is the units digit of s?
5
Suppose -3*w = -60 - 30. What is the units digit of w?
0
Let l(f) = -f**2 + 5*f - 1. Suppose 0 = -0*r - 2*r + 6. Let v be l(r). Suppose v*x = 2*x + 9. What is the units digit of x?
3
Let x = 133 + -78. What is the tens digit of x?
5
Suppose m = -1 + 2. Let z = m + 1. Suppose 2*x - 16 = -z*x. What is the units digit of x?
4
Suppose 0 = -6*b + 3*b - 5*k + 231, 2*b - k - 154 = 0. What is the units digit of b?
7
Suppose 4*f + 2*a + 4 = 0, -3 - 4 = -3*f + a. Let i = f + 8. What is the units digit of i?
9
Suppose -2*t - 1026 = -11*t. What is the hundreds digit of t?
1
Suppose -4*l + 2*j - 9 = 3*j, 0 = 2*l - 4*j. Let n = -18 + 13. Let o = l - n. What is the units digit of o?
3
Suppose 2*b + 179 = -2*d + 5*d, b + 310 = 5*d. What is the tens digit of d?
6
Suppose -2*v = -5*v + 5*l + 11, -3*v + 4*l + 10 = 0. Let u = 5 - v. Let i = u + 11. What is the units digit of i?
4
Let o(n) = 3*n**2 - 3*n - 1. What is the units digit of o(-3)?
5
Let g = 221 + -1. Suppose -g = -4*u + 4*v, -3*u - 2*u = 4*v - 230. Suppose 3*w = -11 + u. What is the tens digit of w?
1
Suppose 5*q - 21 + 1 = 0. Let p(u) = -3*u + 0 - 4 + q*u. What is the units digit of p(10)?
6
Suppose 3*r - 9 = 2*s, 0 = -0*s - s + 5*r - 15. Suppose s = -2*n - 2*t + 8, -12 = 3*n - 4*t - 38. Suppose -n - 2 = -2*l. What is the units digit of l?
4
Let c = -76 + 125. What is the units digit of c?
9
Let x be (0 + 1)*-1*-3. Suppose x*y + 0 = 42. What is the units digit of y?
4
Let t = -17 + 28. Let j = 9 + -15. Let m = t + j. What is the units digit of m?
5
Suppose -x + 5*x = 64. What is the units digit of x?
6
Suppose -33 = -5*u - 2*z, 0 = u + u - 4*z - 18. Let n = -4 - u. Let l = -6 - n. What is the units digit of l?
5
Let c be -4 + 7 - 5*-3. Suppose 2*n = 4*g - c, -3*g = -2*g - 2*n. What is the units digit of g?
6
Suppose -2*l - 5*s = -0*l - 4, -2*l = -5*s - 4. Suppose 14 = l*k - 3*h, 2*k + 2*k - 56 = -h. Let f = -8 + k. What is the units digit of f?
5
Suppose 0 = -5*c + 69 + 81. What is the tens digit of c?
3
Suppose 100 = 4*x + t, t - 132 = -5*x - 2*t. What is the units digit of x?
4
Let m(o) = -o**3 - 9*o**2 + 2*o + 3. Let q be m(-9). Let p = 19 + q. What is the units digit of p?
4
Suppose -4*d = -3*d - 8. What is the units digit of d?
8
Let o(s) = s**2 - 2*s - 3. Let r be o(3). What is the units digit of 7 + -4 + (6 - r)?
9
Let z = 11 - -32. Suppose 2*o = -z + 111. What is the units digit of o?
4
Let t(n) = -2*n + 1. Let h be t(4). Let g(m) = m**2 + 3*m + 1. What is the tens digit of g(h)?
2
Let r = -13 - -180. What is the tens digit of r?
6
Suppose -3*